l**3 + 3*l**2 + 3*l - 4. Suppose 20 = -7*c + 2*c. Let d be m(c). Let f = d - 48. What are the prime factors of f?
2, 3
Let g(w) = 90*w**2 - 21*w + 65. What are the prime factors of g(4)?
7, 29
List the prime factors of (-2 - -7 - 1468)/(4 - 5).
7, 11, 19
Let g(h) = -2*h - 18. Let l be g(-12). Let o(b) = b**3 + 2*b**2 - 14*b + 8. What are the prime factors of o(l)?
2, 53
Let u(j) = -14*j**3 - 4 + 18 - 10*j + 15*j**3 + 11*j**2. Let n be u(-12). What are the prime factors of (4/10)/((-1)/n)?
2
Let t(n) = n**2 - 8*n + 8. Let w be t(5). Let x(h) = -h**3 - 8*h**2 - 9*h + 8. List the prime factors of x(w).
2, 11
Suppose 2*k + 2*h - 20 = -3*k, h = -5*k + 15. Suppose -4*a - k*f + 40 = -2*a, -3*a + 66 = f. List the prime factors of a.
23
Let t = -2 - -74. Let x(i) = i**3 - 5*i**2 - 4*i - 8. Let n be x(6). Suppose n*s - s = t. What are the prime factors of s?
2, 3
Let z be (2/6)/((-1)/3)*591. What are the prime factors of -4 + (-2 - 1) + z/(-3)?
2, 5, 19
Suppose u - 5*w + 22 = -0*u, -5*u - 3*w = 26. Let d(k) = k**2 + 7*k**3 + 6*k - 7*k**2 + 5 - 8*k**3. What are the prime factors of d(u)?
2, 3
Suppose 51*v = 24*v + 52407. List the prime factors of v.
3, 647
Suppose -3*b = -3*h - 1461, -3*b + 1469 = 4*h + h. List the prime factors of b.
2, 61
Let y(h) be the second derivative of h**5/10 - h**4/3 - h**3/6 + 4*h. List the prime factors of y(3).
3, 5
Suppose 0 = 16*w - 3490 - 1422. What are the prime factors of w?
307
Suppose -56*b + 55*b = -100. List the prime factors of b.
2, 5
Suppose -9 = w - 12. Suppose 0 = 5*l - w - 7. What are the prime factors of -1 + 1 - (-45 - l)?
47
Suppose -8*m - 41 = -3*m + b, 3*m + 3*b = -27. Suppose 3*u - 20 = 5*u. Let f = m - u. List the prime factors of f.
2
List the prime factors of (238970/(-40))/(-23)*16.
2, 1039
Let h(x) = 905*x - 155. List the prime factors of h(2).
5, 331
Let o be (-4)/(-22) - 150/(-22). Let s = o - -57. List the prime factors of s.
2
Suppose -4*n - n + 294 = 4*k, -2*n = -2*k - 114. Let u be 172/3*6/(-4)*-1. Let o = u - n. List the prime factors of o.
2, 7
Let b = 163 + -163. Suppose 0 = 4*n - 2*m - 1344, 4*n - 3*n - m - 336 = b. What are the prime factors of n?
2, 3, 7
Let l(h) = 3*h**2 - 18*h + 3. List the prime factors of l(21).
2, 3, 79
Let l = -21 - -23. Suppose -5*w + c + 541 = 0, c = -l*w + 2*c + 217. List the prime factors of w.
2, 3
Let q = -2177 + 3648. List the prime factors of q.
1471
Let j = -1608 - -1710. What are the prime factors of j?
2, 3, 17
Suppose -8503 = -6*n + 22001. List the prime factors of n.
2, 31, 41
Suppose 0 = -i - 1, 2*v + 5*i = 4*i + 3863. What are the prime factors of v?
2, 3, 7, 23
Suppose q + 42 = -4*p - 40, 128 = -2*q + p. Let r = -4 + -35. Let u = r - q. List the prime factors of u.
3
Let l(f) = f**3 - 3*f**2 + 2*f + 1. Let t be l(-3). Let y be (0 + t)*1/(-1). Suppose 0*k + y = 2*k + 3*q, -k + 2*q + 40 = 0. List the prime factors of k.
2, 17
Let y be -2*(-1 - 244/8). Suppose y*u = 58*u + 220. What are the prime factors of u?
2, 11
Suppose -127 = -4*b - 3*k, 0 = 2*b - 3*k + 5*k - 64. Let p = b + 21. List the prime factors of p.
2, 13
Let h be 4/22 - 62/(-22). Let v(s) = h + s - 6 + 2. List the prime factors of v(4).
3
Let u be -3 + -46*(0 + -1). Suppose -f = u - 147. Suppose -m - 3*m + f = 0. List the prime factors of m.
2, 13
Let h be -2*(-5)/((-20)/(-122)). Let c = 91 - h. What are the prime factors of c?
2, 3, 5
Let z = 514 - -625. What are the prime factors of z?
17, 67
Suppose 2*v - 58 = -342. Let u = 242 + v. List the prime factors of u.
2, 5
Let z be -2 - -3 - (-5)/15*-9. List the prime factors of (-899)/(-13) + (-11)/((-143)/z).
3, 23
Let n be ((-14)/(-3))/((-2)/3). Let l = 56 + n. What are the prime factors of l?
7
Let s(y) = 4*y**3 - y**2 - y - 2. Let l be s(-2). Let k = 53 + l. List the prime factors of k.
17
Let y be 112/42 + (10/3 - 2). Let h = -1 + 1. Suppose 3*n - 128 + 47 = y*c, 2*n - c - 59 = h. What are the prime factors of n?
31
Let b = -658 + 1529. List the prime factors of b.
13, 67
Suppose -1417 = -2*j - 165. List the prime factors of j.
2, 313
Let d be (-180)/(-28) + 9/(-21). Let w be (-1 - 1)*-1 - d. List the prime factors of (-310)/w + (-57)/38.
2, 19
Suppose 6*d = 8*d - 12. Suppose 0 = -l + d*l - 25. Suppose 99 = l*o + 3*i, 0*o + o + 2*i = 17. List the prime factors of o.
3, 7
Let v(s) = 3895*s**3 - s**2 - 6*s + 4. What are the prime factors of v(1)?
2, 7, 139
Let g(x) = 10*x**3 + x**2. Let z be g(1). Let t = -15 + z. What are the prime factors of t*4/(-32)*104?
2, 13
Let h = -33 + 37. List the prime factors of 3 + 0/h - -6.
3
Let v(p) = -147*p**3 - 2*p**2 + p + 2. Suppose -3 = 3*f + 3*m - 2*m, -2*f - 2 = -m. What are the prime factors of v(f)?
2, 73
What are the prime factors of 8/((-2665)/(-380) + -7)?
2, 19
Let h be 5364/(-99) - (-2)/11. Let u be -1 + -2 + h/(-2). Let l = -1 + u. What are the prime factors of l?
23
Let b(u) = -3 + 21*u**2 + 10 + 2 + 4*u + 6*u. List the prime factors of b(-3).
2, 3, 7
Let a = 561 - -2230. List the prime factors of a.
2791
Let i = -4 + -6. Let q(j) = 4*j + 15. Let k be q(i). Let g = k + 48. What are the prime factors of g?
23
Let o(y) = -6 + 0 - 1 - 3*y. Let u be o(-5). List the prime factors of (-2)/u*-2*94.
47
What are the prime factors of (-1)/1 + (186 - 11)?
2, 3, 29
Suppose -3*b = -2*v - 12, -v + 4 = b - 0*v. Suppose 6*l - 260 = b*l. List the prime factors of l.
2, 5, 13
Suppose -4*f = 5*m - 2*m - 21, -3*m + 15 = 2*f. Suppose m*a = 214 + 35. List the prime factors of a.
83
List the prime factors of (11/((-132)/27))/((-3)/248).
2, 3, 31
Suppose 2*d = 2*b - 4*b + 8314, b - 2*d = 4142. List the prime factors of b.
2, 3, 173
Let a = -27 - -60. Let j = 11 - a. List the prime factors of j*(15/10 + -4).
5, 11
Let i(s) = -6*s - s + 10*s + 2*s**2 - 5*s + 7 - 6*s. Let p = -2 - -10. What are the prime factors of i(p)?
71
Let m = 4813 - 2860. What are the prime factors of m?
3, 7, 31
Suppose 0 = 2*t - 4, -t = -3*v - 0*t + 10. Let f be v/3*(-12)/(-8). Let i(u) = 6*u**2 - 3*u + 2. What are the prime factors of i(f)?
2, 5
Let b = 499 + -327. List the prime factors of b.
2, 43
Let f = 3215 + -973. What are the prime factors of f?
2, 19, 59
Suppose -9*q + 516 = -7*q. Suppose 4*g - g = q. What are the prime factors of g?
2, 43
Suppose 14 + 6 = u. Suppose q - u = 4*s, 4 = 4*q - s - 1. Suppose q - 18 = -t. What are the prime factors of t?
2, 3
Suppose 7*d - 4*d - 1175 = 4*t, 1969 = 5*d + 4*t. What are the prime factors of d?
3, 131
Let i = -9 - 1. Let f = -29 - i. Let y = 45 + f. List the prime factors of y.
2, 13
Let x(i) = -87*i - 2. Let o be x(-2). Suppose -4*c = -8*c + o. List the prime factors of c.
43
Let z(f) = -73*f + 108. What are the prime factors of z(-2)?
2, 127
Suppose 853 = -x - 2*x + f, 2*f + 289 = -x. Let b = 484 + x. List the prime factors of b.
199
List the prime factors of 3/(-18) + (-18655)/(-42).
2, 3, 37
Suppose -q = 2*f + 202 - 2883, 0 = 3*f + 4*q - 4009. What are the prime factors of f?
17, 79
Let n = -69 - 89. Let x = -86 - n. What are the prime factors of x?
2, 3
Suppose -157*k + 159*k - 2522 = 0. What are the prime factors of k?
13, 97
Suppose 3*q = 2*c + 2*q + 120, 246 = -4*c + 5*q. Let v = 14 - c. Let z = -40 + v. List the prime factors of z.
3, 11
Suppose -21*t + 34*t = 60450. What are the prime factors of t?
2, 3, 5, 31
Let t(r) = -r**2 + 9*r - 3. Let s be t(6). What are the prime factors of (s + -7)*5/2?
2, 5
Let o = 158 + -153. Suppose -o*k + 258 = 3*s, 2*s - 157 = -3*k - 2*s. What are the prime factors of k?
3, 17
Let m(g) = -g + 11. Let x(i) = 9*i - 2. Let a be x(1). Let k be m(a). Suppose 0 = 3*j - k - 2. List the prime factors of j.
2
Let f(o) = o**3 + 16*o**2 - 18*o + 10. List the prime factors of f(-13).
751
Suppose -5*n + 2*f = -889, 5*n - 576 = 3*f + 315. Let a be n*((-5)/(-3) - 1). Let l = a + -80. What are the prime factors of l?
2, 19
Suppose 7*q + 4*u - 16 = 3*q, -3*q + 13 = 2*u. Suppose -5*l = 3*s - 436, -5*l - s + q*s + 457 = 0. List the prime factors of l.
89
Let r(o) = o**2 - 8*o + 1. Let n be r(9). Let t be (n/(-3))/((-2)/3). Suppose 0 = t*j - 25, -j - 56 = -3*c + 4*j. What are the prime factors of c?
3
Let o = 378 - -3111. List the prime factors of o.
3, 1163
Let f(c) = -9*c**3 - 3*c**2 + 6*c + 5. List the prime factors of f(-2).
53
Let m = 15 - 11. Suppose -3*p + 0*p